{"id":3,"date":"2018-07-10T22:38:57","date_gmt":"2018-07-10T22:38:57","guid":{"rendered":"https:\/\/kamaun.at\/?page_id=3"},"modified":"2022-04-05T11:04:12","modified_gmt":"2022-04-05T11:04:12","slug":"datenschutzerklaerung","status":"publish","type":"page","link":"https:\/\/kamaun.at\/index.php\/datenschutzerklaerung\/","title":{"rendered":"Datenschutzerkl\u00e4rung"},"content":{"rendered":"<h2>Datenschutzerkl\u00e4rung<br \/>\nDatenschutz<\/h2>\n<p>Erkl\u00e4rung im Sinne der EU Vorgaben zum besseren Verst\u00e4ndnis der Nutzer*Innen<\/p>\n<h3>Automatische Datenspeicherung<\/h3>\n<p>Wenn Sie unsere Webseite so wie jetzt gerade besuchen, speichert unser Webserver (Computer auf dem diese Webseite gespeichert ist) automatisch Daten wie die IP-Adresse Ihres Ger\u00e4tes, die Adressen der besuchten Unterseiten, Details zu Ihrem Browser (z.B. Chrome, Firefox, Edge,\u2026) und Datum sowie Uhrzeit. Wir nutzen diese Daten nicht und geben Sie in der Regel nicht weiter, k\u00f6nnen jedoch nicht ausschlie\u00dfen, dass diese Daten beim Vorliegen von rechtswidrigem Verhalten eingesehen werden.<\/p>\n<h3>Speicherung pers\u00f6nlicher Daten<\/h3>\n<p>Pers\u00f6nliche Daten, die Sie uns auf dieser Website elektronisch \u00fcbermitteln, wie zum Beispiel Name, E-Mail-Adresse, Adresse oder andere pers\u00f6nlichen Angaben im Rahmen der \u00dcbermittlung eines Formulars oder Kommentaren im Blog, werden von uns gemeinsam mit dem Zeitpunkt und der IP-Adresse nur zum jeweils angegebenen Zweck verwendet, sicher verwahrt und nicht an Dritte weitergegeben.<br \/>\nWir nutzen Ihre pers\u00f6nlichen Daten somit nur f\u00fcr die Kommunikation mit jenen Besuchern, die Kontakt ausdr\u00fccklich w\u00fcnschen und f\u00fcr die Abwicklung der auf dieser Webseite angebotenen Dienstleistungen und Produkte. Wir geben Ihre pers\u00f6nlichen Daten ohne Zustimmung nicht weiter, k\u00f6nnen jedoch nicht ausschlie\u00dfen, dass diese Daten beim Vorliegen von rechtswidrigem Verhalten eingesehen werden.<br \/>\nWenn Sie uns pers\u00f6nliche Daten per E-Mail schicken \u2013 somit abseits dieser Webseite \u2013 k\u00f6nnen wir keine sichere \u00dcbertragung und den Schutz Ihrer Daten garantieren. Wir empfehlen Ihnen, vertrauliche Daten niemals unverschl\u00fcsselt per E-Mail zu \u00fcbermitteln.<\/p>\n<h3>Ihre Rechte<\/h3>\n<p>Ihnen stehen grunds\u00e4tzlich die Rechte auf Auskunft, Berichtigung, L\u00f6schung, Einschr\u00e4nkung, Daten\u00fcbertragbarkeit, Widerruf und Widerspruch zu. Wenn Sie glauben, dass die Verarbeitung Ihrer Daten gegen das Datenschutzrecht verst\u00f6\u00dft oder Ihre datenschutzrechtlichen Anspr\u00fcche sonst in einer Weise verletzt worden sind, k\u00f6nnen Sie sich bei der Aufsichtsbeh\u00f6rde beschweren. In \u00d6sterreich ist dies die Datenschutzbeh\u00f6rde, deren Webseiten Sie unter https:\/\/www.dsb.gv.at\/ finden.<\/p>\n<h3>Cookies<\/h3>\n<p>Beachten Sie hierbei unsere Cookie Richtlinie unter: https:\/\/kamaun.at\/index.php\/cookie-richtlinie\/<\/p>\n<h3>Newsletter<\/h3>\n<p>Wenn Sie sich f\u00fcr unseren Newsletter eintragen \u00fcbermitteln Sie die oben genannten pers\u00f6nlichen Daten und geben uns das Recht Sie per E-Mail zu kontaktieren. Die im Rahmen der Anmeldung zum Newsletter gespeicherten Daten nutzen wir ausschlie\u00dflich f\u00fcr unseren Newsletter und geben diese nicht weiter.<br \/>\nSollten Sie sich vom Newsletter abmelden \u2013 Sie finden den Link daf\u00fcr in jedem Newsletter ganz unten \u2013 dann l\u00f6schen wir alle Daten die mit der Anmeldung zum Newsletter gespeichert wurden.<\/p>\n<h3>Google Maps Datenschutzerkl\u00e4rung<\/h3>\n<p>Wir verwenden Google Maps der Firma Google Inc. (1600 Amphitheatre Parkway Mountain View, CA 94043, USA) auf unserer Webseite.<br \/>\nDurch die Nutzung der Funktionen dieser Karte werden Daten an Google \u00fcbertragen. Welche Daten von Google erfasst werden und wof\u00fcr diese Daten verwendet werden, k\u00f6nnen Sie auf https:\/\/www.google.com\/intl\/de\/policies\/privacy\/ nachlesen.<\/p>\n<h3>Google Analytics Datenschutzerkl\u00e4rung<\/h3>\n<p>Wir verwenden auf dieser Webseite Google Analytics der Firma Google Inc. (1600 Amphitheatre Parkway Mountain View, CA 94043, USA) um Besucherdaten statistisch auszuwerten. Dabei verwendet Google Analytics zielorientierte Cookies.<br \/>\nN\u00e4here Informationen zu Nutzungsbedingungen und Datenschutz finden Sie unter http:\/\/www.google.com\/analytics\/terms\/de.html bzw. unter https:\/\/support.google.com\/analytics\/answer\/6004245?hl=de.<br \/>\nPseudonymisierung<br \/>\nUnser Anliegen im Sinne der DSGVO ist die Verbesserung unseres Angebotes und unseres Webauftritts. Da uns die Privatsph\u00e4re unserer Nutzer wichtig ist, werden die Nutzerdaten pseudonymisiert. Die Datenverarbeitung erfolgt auf Basis der gesetzlichen Bestimmungen des \u00a7 96 Abs 3 TKG sowie des Art 6 EU-DSGVO Abs 1 lit a (Einwilligung) und\/oder f (berechtigtes Interesse) der DSGVO.<br \/>\nDeaktivierung der Datenerfassung durch Google Analytics<br \/>\nMithilfe des Browser-Add-ons zur Deaktivierung von Google Analytics-JavaScript (ga.js, analytics.js, dc.js) k\u00f6nnen Website-Besucher verhindern, dass Google Analytics ihre Daten verwendet.<br \/>\nSie k\u00f6nnen die Erfassung der durch das Cookie erzeugten und auf Ihre Nutzung der Website bezogenen Daten an Google sowie die Verarbeitung dieser Daten durch Google verhindern, indem Sie das unter dem folgenden Link verf\u00fcgbare Browser-Plugin herunterladen und installieren: https:\/\/tools.google.com\/dlpage\/gaoptout?hl=de.<\/p>\n<h3>Google Analytics Zusatz zur Datenverarbeitung<\/h3>\n<p>Wir haben mit Google einen Direktkundenvertrag zur Verwendung von Google Analytics abgeschlossen, indem wir den \u201cZusatz zur Datenverarbeitung\u201d in Google Analytics akzeptiert haben.<br \/>\nMehr \u00fcber den Zusatz zur Datenverarbeitung f\u00fcr Google Analytics finden Sie hier: https:\/\/support.google.com\/analytics\/answer\/3379636?hl=de&amp;utm_id=ad<\/p>\n<h3>Google Analytics IP-Anonymisierung<\/h3>\n<p>Wir haben auf dieser Webseite die IP-Adressen-Anonymisierung von Google Analytics implementiert. Diese Funktion wurde von Google entwickelt, damit diese Webseite die geltenden Datenschutzbestimmungen und Empfehlungen der lokalen Datenschutzbeh\u00f6rden einhalten kann, wenn diese eine Speicherung der vollst\u00e4ndigen IP-Adresse untersagen. Die Anonymisierung bzw. Maskierung der IP findet statt, sobald die IP-Adressen im Google Analytics-Datenerfassungsnetzwerk eintreffen und bevor eine Speicherung oder Verarbeitung der Daten stattfindet.<br \/>\nMehr Informationen zur IP-Anonymisierung finden Sie auf https:\/\/support.google.com\/analytics\/answer\/2763052?hl=de.<\/p>\n<h3>Google Analytics Berichte zu demografischen Merkmalen und Interessen<\/h3>\n<p>Wir haben in Google Analytics die Funktionen f\u00fcr Werbeberichte eingeschaltet. Die Berichte zu demografischen Merkmalen und Interessen enthalten Angaben zu Alter, Geschlecht und Interessen. Damit k\u00f6nnen wir uns \u2013 ohne diese Daten einzelnen Personen zuordnen zu k\u00f6nnen \u2013 ein besseres Bild von unseren Nutzern machen. Mehr \u00fcber die Werbefunktionen erfahren Sie auf https:\/\/support.google.com\/analytics\/answer\/3450482?hl=de_AT&amp;utm_id=ad.<br \/>\nSie k\u00f6nnen die Nutzung der Aktivit\u00e4ten und Informationen Ihres Google Kontos unter \u201cEinstellungen f\u00fcr Werbung\u201d auf https:\/\/adssettings.google.com\/authenticated per Checkbox beenden.<\/p>\n<h3>Facebook Datenschutzerkl\u00e4rung<\/h3>\n<p>Wir verwenden auf dieser Webseite Funktionen von Facebook, einem Social Media Network der Firma Facebook Ireland Ltd., 4 Grand Canal Square, Grand Canal Harbour, Dublin 2 Ireland.<br \/>\nWelche Funktionen (Soziale Plug-ins) Facebook bereitstellt, k\u00f6nnen Sie auf https:\/\/developers.facebook.com\/docs\/plugins\/ nachlesen.<br \/>\nDurch den Besuch unserer Webseite k\u00f6nnen Informationen an Facebook \u00fcbermittelt werden. Wenn Sie \u00fcber ein Facebook-Konto verf\u00fcgen, kann Facebook diese Daten Ihrem pers\u00f6nlichen Konto zuordnen. Sollten Sie das nicht w\u00fcnschen, melden Sie sich bitte von Facebook ab.<br \/>\nDie Datenschutzrichtlinien, welche Informationen Facebook sammelt und wie sie diese verwenden finden Sie auf https:\/\/www.facebook.com\/policy.php.<\/p>\n<h3>YouTube Datenschutzerkl\u00e4rung<\/h3>\n<p>Wir verwenden auf dieser Seite des Videodienstes YouTube, der Firma YouTube, LLC, 901 Cherry Ave., San Bruno, CA 94066, USA.<br \/>\nDurch das Aufrufen von Seiten unserer Webseite, die YouTube Videos integriert haben, werden Daten an YouTube \u00fcbertragen, gespeichert und ausgewertet.<br \/>\nSollten Sie ein YouTube-Konto haben und angemeldet sein, werden diese Daten Ihrem pers\u00f6nlichen Konto und den darin gespeicherten Daten zugeordnet.<br \/>\nWelche Daten von Google erfasst werden und wof\u00fcr diese Daten verwendet werden, k\u00f6nnen Sie auf https:\/\/www.google.com\/intl\/de\/policies\/privacy\/ nachlesen.<\/p>\n<h3>Twitter Datenschutzerkl\u00e4rung<\/h3>\n<p>Wir verwenden auf dieser Webseite Funktionen von Twitter, einem Social Network der Firma Twitter International Company, One Cumberland Place, Fenian Street, Dublin 2 D02 AX07, Irland.<br \/>\nDadurch k\u00f6nnen auch personenbezogene Daten an Twitter \u00fcbertragen werden. Wir \u00fcberwachen diesen Datenaustausch nicht und speichern nichts dar\u00fcber.<br \/>\nWenn Sie mehr \u00fcber die Nutzung Ihrer Daten durch Twitter wissen m\u00f6chten, finden Sie alle Informationen in der Twitter Datenschutzrichtline auf https:\/\/twitter.com\/de\/privacy.<br \/>\nSollten Sie ein Konto bei Twitter haben, k\u00f6nnen Sie Ihre Datenschutzeinstellungen in den Konto- Einstellungen unter https:\/\/twitter.com\/settings\/account \u00e4ndern.<\/p>\n<h3>Instagram Datenschutzerkl\u00e4rung<\/h3>\n<p>Wir verwenden auf unserer Webseite Funktionen des Social Media Netzwerks Instagram der Firma Instagram LLC, 1601 Willow Rd, Menlo Park CA 94025, USA.<br \/>\nMit den Funktionen zum Einbetten von Instagram-Inhalten (Embed-Funktion) k\u00f6nnen wir Bilder und Videos anzeigen.<br \/>\nDurch den Aufruf von Seiten die solche Funktionen nutzen werden Daten (IP-Adresse, Browserdaten, Datum und Zeitpunkt, Cookies) an Instagram \u00fcbermittelt, gespeichert und ausgewertet.<br \/>\nSollten Sie ein Instagram-Konto haben und angemeldet sein, werden diese Daten Ihrem pers\u00f6nlichen Konto und den darin gespeicherten Daten zugeordnet.<br \/>\nDie Datenschutzrichtlinien, welche Informationen Instagram sammelt und wie sie diese verwenden finden Sie auf https:\/\/help.instagram.com\/155833707900388.<\/p>\n<h3>ShareThis Datenschutzerkl\u00e4rung<\/h3>\n<p>Wir verwenden auf dieser Webseite Funktionen von ShareThis, einem Social Bookmarking und Sharing Tool der Firma ShareThis, 4005 Miranda Ave, Suite 100, Palo Alto, 94304 Kalifornien, USA.<br \/>\nDurch die Nutzung der Social Plugins von ShareThis sind Besucher in der Lage Inhalte dieser Webseite in verschiedenen Sozialen Netzwerken wie Facebook, Twitter, Google+ und vielen weiteren zu teilen. Wenn Besucher Inhalte mit ShareThis in Diensten teilen wo sie ein Konto besitzen und angemeldet sind, kann der Besuch und das Teilen dem Benutzer zugeordnet werden.<br \/>\nShareThis verwendet Cookies, Pixel Tags, HTTP header und Browser Identifier um Informationen \u00fcber das Besucherverhalten zu sammeln. Wenn Sie mehr \u00fcber die Nutzung Ihrer Daten durch ShareThis wissen m\u00f6chten, finden Sie alle Informationen unter https:\/\/www.sharethis.com\/terms\/.<\/p>\n<p>Alle Texte sind urheberrechtlich gesch\u00fctzt.<\/p>\n<p>Quelle: Erstellt mit dem <a title=\"Datenschutz Generator von AdSimple f\u00fcr \u00d6sterreich\" href=\"https:\/\/www.adsimple.at\/datenschutz-generator\/\">Datenschutz Generator<\/a> von AdSimple<\/p>\n","protected":false},"excerpt":{"rendered":"<p>Datenschutzerkl\u00e4rung Datenschutz Erkl\u00e4rung im Sinne der EU Vorgaben zum besseren Verst\u00e4ndnis der Nutzer*Innen Automatische Datenspeicherung Wenn Sie unsere Webseite so wie jetzt gerade besuchen, speichert unser Webserver (Computer auf dem diese Webseite gespeichert ist) automatisch Daten wie die IP-Adresse Ihres Ger\u00e4tes, die Adressen der besuchten Unterseiten, Details zu Ihrem Browser (z.B. Chrome, Firefox, Edge,\u2026) und&hellip; <br \/> <a class=\"read-more\" href=\"https:\/\/kamaun.at\/index.php\/datenschutzerklaerung\/\">Read more<\/a><\/p>\n","protected":false},"author":2,"featured_media":0,"parent":0,"menu_order":0,"comment_status":"closed","ping_status":"closed","template":"","meta":{"footnotes":""},"class_list":["post-3","page","type-page","status-publish","hentry"],"jetpack_sharing_enabled":true,"jetpack_shortlink":"https:\/\/wp.me\/Pa4fpK-3","_links":{"self":[{"href":"https:\/\/kamaun.at\/index.php\/wp-json\/wp\/v2\/pages\/3","targetHints":{"allow":["GET"]}}],"collection":[{"href":"https:\/\/kamaun.at\/index.php\/wp-json\/wp\/v2\/pages"}],"about":[{"href":"https:\/\/kamaun.at\/index.php\/wp-json\/wp\/v2\/types\/page"}],"author":[{"embeddable":true,"href":"https:\/\/kamaun.at\/index.php\/wp-json\/wp\/v2\/users\/2"}],"replies":[{"embeddable":true,"href":"https:\/\/kamaun.at\/index.php\/wp-json\/wp\/v2\/comments?post=3"}],"version-history":[{"count":6,"href":"https:\/\/kamaun.at\/index.php\/wp-json\/wp\/v2\/pages\/3\/revisions"}],"predecessor-version":[{"id":296,"href":"https:\/\/kamaun.at\/index.php\/wp-json\/wp\/v2\/pages\/3\/revisions\/296"}],"wp:attachment":[{"href":"https:\/\/kamaun.at\/index.php\/wp-json\/wp\/v2\/media?parent=3"}],"curies":[{"name":"wp","href":"https:\/\/api.w.org\/{rel}","templated":true}]}}