{"id":189,"date":"2018-07-12T13:40:46","date_gmt":"2018-07-12T13:40:46","guid":{"rendered":"https:\/\/kamaun.at\/?page_id=189"},"modified":"2024-03-05T01:55:44","modified_gmt":"2024-03-05T01:55:44","slug":"cookie-richtlinie","status":"publish","type":"page","link":"https:\/\/kamaun.at\/index.php\/cookie-richtlinie\/","title":{"rendered":"Cookie-Richtline"},"content":{"rendered":"<h2><span style=\"font-family: arial, helvetica, sans-serif;\">Cookies<\/span><\/h2>\n<p><span style=\"font-family: arial, helvetica, sans-serif;\">Unsere Website verwendet HTTP-Cookies um nutzerspezifische Daten zu speichern.<\/span><br \/>\n<span style=\"font-family: arial, helvetica, sans-serif;\">Ein Cookie ist ein kurzes Datenpaket, welches zwischen Webbrowser und Webserver ausgetauscht wird, f\u00fcr diese aber v\u00f6llig bedeutungslos ist und erst f\u00fcr die Webanwendung, z. B. einen Online-Shop, eine Bedeutung erh\u00e4lt, etwa den Inhalt eines virtuellen Warenkorbes.<\/span><br \/>\n<span style=\"font-family: arial, helvetica, sans-serif;\">Es gibt zwei Arten von Cookies: Erstanbieter-Cookies werden von unserer Website erstellt, Drittanbieter-Cookies werden von anderen Websites (z. B. Google Analytics) erstellt.<\/span><br \/>\n<span style=\"font-family: arial, helvetica, sans-serif;\">Man unterscheidet drei Kategorien von Cookies: unbedingt notwendige Cookies um grundlegende Funktionen der Website sicherzustellen, funktionelle Cookies um die Leistung der Webseite sicherzustellen und zielorientierte Cookies um das Benutzererlebnis zu verbessern.<\/span><br \/>\n<span style=\"font-family: arial, helvetica, sans-serif;\">Wir nutzen Cookies, um unsere Webseite nutzerfreundlicher zu gestalten. Einige Cookies bleiben auf Ihrem Endger\u00e4t gespeichert, bis Sie diese l\u00f6schen. Sie erm\u00f6glichen es uns, Ihren Browser beim n\u00e4chsten Besuch wiederzuerkennen.<\/span><br \/>\n<span style=\"font-family: arial, helvetica, sans-serif;\">Wenn Sie dies nicht w\u00fcnschen, so k\u00f6nnen Sie Ihren Browser so einrichten, dass er Sie \u00fcber das Setzen von Cookies informiert und Sie dies nur im Einzelfall erlauben.<\/span><br \/>\n<span style=\"font-family: arial, helvetica, sans-serif;\">Sie k\u00f6nnen jederzeit Cookies, die sich bereits auf Ihrem Computer befinden, l\u00f6schen oder Cookies deaktivieren. Die Vorgangsweise dazu ist nach Browser unterschiedlich, am besten Sie suchen die Anleitung in Google mit dem Suchbegriff \u201ecookies l\u00f6schen chrome\u201c oder \u201ecookies deaktivieren chrome\u201c im Falle eines Chrome Browsers oder tauschen das Wort \u201echrome\u201c gegen den Namen Ihres Browsers, z. B. edge, firefox, safari aus.<\/span><br \/>\n<span style=\"font-family: arial, helvetica, sans-serif;\">Wenn Sie uns generell nicht gestatten, Cookies zu nutzen, d.h. diese per Browsereinstellung deaktivieren, k\u00f6nnen manche Funktionen und Seiten nicht wie erwartet funktionieren.<\/span><\/p>\n<p><span style=\"font-family: arial, helvetica, sans-serif;\">Die ganze <a href=\"https:\/\/kamaun.at\/index.php\/datenschutzerklaerung\/\" target=\"_blank\" rel=\"noopener\">Datenschutzerkl\u00e4rung<\/a> lesen?<\/span><\/p>\n<p><span style=\"font-family: arial, helvetica, sans-serif;\">Die <a href=\"https:\/\/kamaun.at\/index.php\/agb\/\" target=\"_blank\" rel=\"noopener\">AGB<\/a> von K-IT PRO FX lesen?<\/span><\/p>\n<p><span style=\"font-family: arial, helvetica, sans-serif;\">Das <a href=\"https:\/\/kamaun.at\/index.php\/impressum\/\" target=\"_blank\" rel=\"noopener\">Impressum<\/a> von K-IT PRO FX\u00a0lesen?<\/span><\/p>\n<p><span style=\"font-family: arial, helvetica, sans-serif;\">Um die verschiedenen Themenbereiche zu lesen einfach auf das markierte, vorgehobene Wort klicken!<\/span><\/p>\n","protected":false},"excerpt":{"rendered":"<p>Cookies Unsere Website verwendet HTTP-Cookies um nutzerspezifische Daten zu speichern. Ein Cookie ist ein kurzes Datenpaket, welches zwischen Webbrowser und Webserver ausgetauscht wird, f\u00fcr diese aber v\u00f6llig bedeutungslos ist und erst f\u00fcr die Webanwendung, z. B. einen Online-Shop, eine Bedeutung erh\u00e4lt, etwa den Inhalt eines virtuellen Warenkorbes. Es gibt zwei Arten von Cookies: Erstanbieter-Cookies werden&hellip; <br \/> <a class=\"read-more\" href=\"https:\/\/kamaun.at\/index.php\/cookie-richtlinie\/\">Read more<\/a><\/p>\n","protected":false},"author":2,"featured_media":93,"parent":0,"menu_order":0,"comment_status":"closed","ping_status":"closed","template":"","meta":{"footnotes":""},"class_list":["post-189","page","type-page","status-publish","has-post-thumbnail","hentry"],"jetpack_sharing_enabled":true,"jetpack_shortlink":"https:\/\/wp.me\/Pa4fpK-33","_links":{"self":[{"href":"https:\/\/kamaun.at\/index.php\/wp-json\/wp\/v2\/pages\/189","targetHints":{"allow":["GET"]}}],"collection":[{"href":"https:\/\/kamaun.at\/index.php\/wp-json\/wp\/v2\/pages"}],"about":[{"href":"https:\/\/kamaun.at\/index.php\/wp-json\/wp\/v2\/types\/page"}],"author":[{"embeddable":true,"href":"https:\/\/kamaun.at\/index.php\/wp-json\/wp\/v2\/users\/2"}],"replies":[{"embeddable":true,"href":"https:\/\/kamaun.at\/index.php\/wp-json\/wp\/v2\/comments?post=189"}],"version-history":[{"count":3,"href":"https:\/\/kamaun.at\/index.php\/wp-json\/wp\/v2\/pages\/189\/revisions"}],"predecessor-version":[{"id":469,"href":"https:\/\/kamaun.at\/index.php\/wp-json\/wp\/v2\/pages\/189\/revisions\/469"}],"wp:featuredmedia":[{"embeddable":true,"href":"https:\/\/kamaun.at\/index.php\/wp-json\/wp\/v2\/media\/93"}],"wp:attachment":[{"href":"https:\/\/kamaun.at\/index.php\/wp-json\/wp\/v2\/media?parent=189"}],"curies":[{"name":"wp","href":"https:\/\/api.w.org\/{rel}","templated":true}]}}