{"id":1865,"date":"2024-05-06T04:35:26","date_gmt":"2024-05-06T03:35:26","guid":{"rendered":"https:\/\/kamaun.at\/?page_id=1865"},"modified":"2024-07-12T19:19:02","modified_gmt":"2024-07-12T18:19:02","slug":"boersenfeiertage","status":"publish","type":"page","link":"https:\/\/kamaun.at\/index.php\/boersenfeiertage\/","title":{"rendered":"Eingeschr\u00e4nkter Inhalt"},"content":{"rendered":"Um alle Inhalte unseres Webangebots nutzen zu k\u00f6nnen ben\u00f6tigen Sie eine Mitgliedschaft!\r\nSie k\u00f6nnen nur durch pers\u00f6nliche Empfehlung in die Gruppe aufgenommen werden deshalb wenden Sie sich bitte an Ihren Empfehlungsgeber, dieser wird Ihnen den Link zur Anmeldung zusenden!","protected":false},"excerpt":{"rendered":"","protected":false},"author":4,"featured_media":1866,"parent":0,"menu_order":0,"comment_status":"closed","ping_status":"closed","template":"","meta":{"footnotes":""},"class_list":["post-1865","page","type-page","status-publish","hentry"],"jetpack_sharing_enabled":true,"jetpack_shortlink":"https:\/\/wp.me\/Pa4fpK-u5","_links":{"self":[{"href":"https:\/\/kamaun.at\/index.php\/wp-json\/wp\/v2\/pages\/1865","targetHints":{"allow":["GET"]}}],"collection":[{"href":"https:\/\/kamaun.at\/index.php\/wp-json\/wp\/v2\/pages"}],"about":[{"href":"https:\/\/kamaun.at\/index.php\/wp-json\/wp\/v2\/types\/page"}],"author":[{"embeddable":true,"href":"https:\/\/kamaun.at\/index.php\/wp-json\/wp\/v2\/users\/4"}],"replies":[{"embeddable":true,"href":"https:\/\/kamaun.at\/index.php\/wp-json\/wp\/v2\/comments?post=1865"}],"version-history":[{"count":9,"href":"https:\/\/kamaun.at\/index.php\/wp-json\/wp\/v2\/pages\/1865\/revisions"}],"predecessor-version":[{"id":5077,"href":"https:\/\/kamaun.at\/index.php\/wp-json\/wp\/v2\/pages\/1865\/revisions\/5077"}],"wp:featuredmedia":[{"embeddable":true,"href":"https:\/\/kamaun.at\/index.php\/wp-json\/wp\/v2\/media\/1866"}],"wp:attachment":[{"href":"https:\/\/kamaun.at\/index.php\/wp-json\/wp\/v2\/media?parent=1865"}],"curies":[{"name":"wp","href":"https:\/\/api.w.org\/{rel}","templated":true}]}}